{"id":4,"date":"2016-03-24T14:34:46","date_gmt":"2016-03-24T13:34:46","guid":{"rendered":"https:\/\/www.proinvestment.at\/?page_id=4"},"modified":"2023-12-02T15:50:54","modified_gmt":"2023-12-02T14:50:54","slug":"unternehmen","status":"publish","type":"page","link":"https:\/\/www.proinvestment.at\/?page_id=4","title":{"rendered":"Das Unternehmen"},"content":{"rendered":"<p>Seit 1991 begleiten und f\u00fchren wir als etabliertes Dienstleistungsunternehmen unsere Kunden zum Erfolg. Unsere Markt- und Branchenkenntnisse, die langj\u00e4hrige, internationale Erfahrung und das Netzwerk an Spezialisten geben uns die M\u00f6glichkeit, den Kunden schnell, flexibel und mit dem n\u00f6tigen Know-how optimal und individuell zu betreuen.<\/p>\n<p>Mit ma\u00dfgeschneiderten Konzepten in den Bereichen Veranlagung, Finanzierung und Immobilien,\u00a0erstellen wir bestm\u00f6gliche Komplett-L\u00f6sungen f\u00fcr Unternehmer und Privatpersonen.<\/p>\n<p>ProInvestment Verm\u00f6genstreuhand steht f\u00fcr Sicherheit, Kompetenz, Service und Transparenz.<\/p>\n<div class=\"_4tdt _ua1\"><\/div>\n<div class=\"_4tdt _ua1\"><\/div>\n<div class=\"_4tdt _ua1\"><\/div>\n","protected":false},"excerpt":{"rendered":"<p>Seit 1991 begleiten und f\u00fchren wir als etabliertes Dienstleistungsunternehmen unsere Kunden zum Erfolg. Unsere Markt- und Branchenkenntnisse, die langj\u00e4hrige, internationale Erfahrung und das Netzwerk an Spezialisten geben uns die M\u00f6glichkeit, den Kunden schnell, flexibel und mit dem n\u00f6tigen Know-how optimal und individuell zu betreuen. Mit ma\u00dfgeschneiderten Konzepten in den Bereichen Veranlagung, Finanzierung und Immobilien,\u00a0erstellen wir [&hellip;]<\/p>\n","protected":false},"author":1,"featured_media":0,"parent":0,"menu_order":0,"comment_status":"closed","ping_status":"closed","template":"","meta":{"_acf_changed":false,"footnotes":""},"class_list":["post-4","page","type-page","status-publish","hentry"],"acf":[],"_links":{"self":[{"href":"https:\/\/www.proinvestment.at\/index.php?rest_route=\/wp\/v2\/pages\/4","targetHints":{"allow":["GET"]}}],"collection":[{"href":"https:\/\/www.proinvestment.at\/index.php?rest_route=\/wp\/v2\/pages"}],"about":[{"href":"https:\/\/www.proinvestment.at\/index.php?rest_route=\/wp\/v2\/types\/page"}],"author":[{"embeddable":true,"href":"https:\/\/www.proinvestment.at\/index.php?rest_route=\/wp\/v2\/users\/1"}],"replies":[{"embeddable":true,"href":"https:\/\/www.proinvestment.at\/index.php?rest_route=%2Fwp%2Fv2%2Fcomments&post=4"}],"version-history":[{"count":12,"href":"https:\/\/www.proinvestment.at\/index.php?rest_route=\/wp\/v2\/pages\/4\/revisions"}],"predecessor-version":[{"id":674,"href":"https:\/\/www.proinvestment.at\/index.php?rest_route=\/wp\/v2\/pages\/4\/revisions\/674"}],"wp:attachment":[{"href":"https:\/\/www.proinvestment.at\/index.php?rest_route=%2Fwp%2Fv2%2Fmedia&parent=4"}],"curies":[{"name":"wp","href":"https:\/\/api.w.org\/{rel}","templated":true}]}}